{"id":893,"date":"2018-08-31T16:58:17","date_gmt":"2018-08-31T19:58:17","guid":{"rendered":"https:\/\/ensalberdi-tuc.infd.edu.ar\/sitio\/tramites-y-requisitos-de-incripcion\/"},"modified":"2024-12-02T19:40:30","modified_gmt":"2024-12-02T22:40:30","slug":"tramites-y-requisitos-de-incripcion","status":"publish","type":"page","link":"https:\/\/ensalberdi-tuc.infd.edu.ar\/sitio\/tramites-y-requisitos-de-incripcion\/","title":{"rendered":"Tr\u00e1mites y Requisitos de Inscripci\u00f3n"},"content":{"rendered":"<p>Estimado ingresante una vez aprobado el examen de ingreso, deber\u00e1 tener en cuenta los siguientes requisitos para culminar con el proceso de inscripci\u00f3n y presentar a su futuro Preceptor:&nbsp;<\/p>\n<p>&nbsp;<\/p>\n<p><img decoding=\"async\" loading=\"lazy\" style=\"border: 0; float: left;\" title=\"\" src=\"https:\/\/ensalberdi-tuc.infd.edu.ar\/sitio\/wp-content\/uploads\/2018\/08\/requisitos.png\" border=\"0\" width=\"119\" height=\"268\"><\/p>\n<p style=\"text-align: left; padding-left: 120px;\"><span style=\"font-family: verdana,geneva; font-size: 10pt;\"><span style=\"font-family: verdana,geneva;\">Titulo Secundario (Original y Fotocopia).<\/span><\/span><\/p>\n<p style=\"text-align: left; padding-left: 120px;\"><span style=\"font-family: verdana,geneva; font-size: 10pt;\">DNI.<\/span><\/p>\n<p style=\"text-align: left; padding-left: 120px;\"><span style=\"font-family: verdana,geneva; font-size: 10pt;\">Acta de Nacimiento.<\/span><\/p>\n<p style=\"text-align: left; padding-left: 120px;\"><span style=\"font-family: verdana,geneva; font-size: 10pt;\">Ficha de Inscripci\u00f3n (provista por la Fotocopiadora de la escuela).<\/span><\/p>\n<p style=\"text-align: left; padding-left: 120px;\"><span style=\"font-family: verdana,geneva; font-size: 10pt;\">Recibo de pago de Cooperadora (Fotocopia).<\/span><\/p>\n<p style=\"text-align: left; padding-left: 120px;\"><span style=\"font-family: verdana,geneva; font-size: 10pt;\">Foto Carnet (2).<\/span><\/p>\n<p style=\"text-align: left; padding-left: 120px;\"><span style=\"font-family: verdana,geneva; font-size: 10pt;\">Carpeta Manila (amarilla).<\/span><\/p>\n<p style=\"text-align: left; padding-left: 120px;\"><span style=\"font-family: verdana,geneva; font-size: 10pt;\">Certificado de Aptitud F\u00edsica (Provisto por el hospital publico).<\/span><\/p>\n<p style=\"text-align: left; padding-left: 120px;\">&nbsp;<\/p>\n<p style=\"padding-left: 60px;\">&nbsp;<\/p>\n","protected":false},"excerpt":{"rendered":"<p>Estimado ingresante una vez aprobado el examen de ingreso, deber\u00e1 tener en cuenta los siguientes requisitos para culminar con el proceso de inscripci\u00f3n y presentar a su futuro Preceptor:&nbsp; &nbsp; Titulo Secundario (Original y Fotocopia). DNI. Acta de Nacimiento. Ficha de Inscripci\u00f3n (provista por la Fotocopiadora de la escuela). Recibo de pago de Cooperadora (Fotocopia). &#8230; <a title=\"Tr\u00e1mites y Requisitos de Inscripci\u00f3n\" class=\"read-more\" href=\"https:\/\/ensalberdi-tuc.infd.edu.ar\/sitio\/tramites-y-requisitos-de-incripcion\/\" aria-label=\"More on Tr\u00e1mites y Requisitos de Inscripci\u00f3n\">[+]<\/a><\/p>\n","protected":false},"author":800,"featured_media":0,"parent":0,"menu_order":0,"comment_status":"closed","ping_status":"closed","template":"","meta":[],"acf":[],"_links":{"self":[{"href":"https:\/\/ensalberdi-tuc.infd.edu.ar\/sitio\/wp-json\/wp\/v2\/pages\/893"}],"collection":[{"href":"https:\/\/ensalberdi-tuc.infd.edu.ar\/sitio\/wp-json\/wp\/v2\/pages"}],"about":[{"href":"https:\/\/ensalberdi-tuc.infd.edu.ar\/sitio\/wp-json\/wp\/v2\/types\/page"}],"author":[{"embeddable":true,"href":"https:\/\/ensalberdi-tuc.infd.edu.ar\/sitio\/wp-json\/wp\/v2\/users\/800"}],"replies":[{"embeddable":true,"href":"https:\/\/ensalberdi-tuc.infd.edu.ar\/sitio\/wp-json\/wp\/v2\/comments?post=893"}],"version-history":[{"count":2,"href":"https:\/\/ensalberdi-tuc.infd.edu.ar\/sitio\/wp-json\/wp\/v2\/pages\/893\/revisions"}],"predecessor-version":[{"id":3257,"href":"https:\/\/ensalberdi-tuc.infd.edu.ar\/sitio\/wp-json\/wp\/v2\/pages\/893\/revisions\/3257"}],"wp:attachment":[{"href":"https:\/\/ensalberdi-tuc.infd.edu.ar\/sitio\/wp-json\/wp\/v2\/media?parent=893"}],"curies":[{"name":"wp","href":"https:\/\/api.w.org\/{rel}","templated":true}]}}