{"id":864,"date":"2018-08-31T16:58:07","date_gmt":"2018-08-31T19:58:07","guid":{"rendered":"https:\/\/ensalberdi-tuc.infd.edu.ar\/sitio\/prof-de-educacion-sec-en-geografia\/"},"modified":"2018-12-20T14:41:40","modified_gmt":"2018-12-20T17:41:40","slug":"prof-de-educacion-sec-en-geografia","status":"publish","type":"page","link":"https:\/\/ensalberdi-tuc.infd.edu.ar\/sitio\/prof-de-educacion-sec-en-geografia\/","title":{"rendered":"Profesorado de Educaci\u00f3n Secundaria en Geograf\u00eda &#8211; T\u00edtulos Oficiales con Validez Nacional"},"content":{"rendered":"<p><span style=\"font-family: verdana, geneva; font-size: 10pt;\">El Profesorado se propone entender los mecanismos de organizaci\u00f3n del territorio y actuar sobre el mismo , para pensar en cambios y soluciones en un mundo complejo. Se pregunta por la relaci\u00f3n sociedad-naturaleza, por c\u00f3mo el hombre est\u00e1 cambiando su medio. A un ge\u00f3grafo le puede interesar tanto la rapidez con que se ha ido deforestando la selva misionera como la instalaci\u00f3n de un shopping center y los cambios que introduce en la vida de un barrio, pues desde la ense\u00f1anza en el nivel secundario se analizar\u00e1n estas variables para actuar en consecuencia.<\/span><\/p>\n<p><span style=\"font-family: verdana, geneva; font-size: 10pt; text-align: justify;\">El Profesor de Geograf\u00eda esta capacitado para :\u00a0<\/span><\/p>\n<ol>\n<li><span style=\"font-size: 10pt; font-family: verdana, geneva;\">Ser docente en la especialidad.<\/span><\/li>\n<li><span style=\"font-size: 10pt; font-family: verdana, geneva;\">Int\u00e9rprete en \u00e1rea de estad\u00edsticas y censos.<\/span><\/li>\n<li><span style=\"font-size: 10pt; font-family: verdana, geneva;\">Asesor en l\u00edmites y fronteras de la Canciller\u00eda.<\/span><\/li>\n<li><span style=\"font-size: 10pt; font-family: verdana, geneva;\">Asesor en proyectos de huertas org\u00e1nicas , energ\u00edas alternativas , reciclado y orientaci\u00f3n ambiental.<\/span><\/li>\n<li><span style=\"font-size: 10pt; font-family: verdana, geneva;\">Lector e int\u00e9rprete de im\u00e1genes satelitales en servicios de geolog\u00eda y actividades espaciales.<\/span><\/li>\n<li><span style=\"font-size: 10pt; font-family: verdana, geneva;\">Orientador tur\u00edstico en actividades escolares , empresariales o de ONGS.<\/span><\/li>\n<\/ol>\n<p>&nbsp;<\/p>\n<hr \/>\n<div  class=\"lgc-column lgc-grid-parent lgc-grid-50 lgc-tablet-grid-50 lgc-mobile-grid-100 lgc-equal-heights \"><div  class=\"inside-grid-column\">\n<p><strong><span style=\"color: #0000ff;\">DURACI\u00d3N: 4 A\u00d1OS<\/span><\/strong><\/p>\n<p><strong><span style=\"color: #0000ff;\">HORARIO DE CURSADA: 18:30 A 23:30 HS.<\/span><\/strong><\/p>\n<p><\/p><\/div><\/div>\n<div  class=\"lgc-column lgc-grid-parent lgc-grid-50 lgc-tablet-grid-50 lgc-mobile-grid-100 lgc-equal-heights \"><div  class=\"inside-grid-column\">\n<p>Para conocer el <strong>Plan de Estudio de la Carrera<\/strong> HACER CLICK en el siguiente archivo adjunto:<\/p>\n<p><span style=\"background-color: #ffffff; font-size: 12pt;\"><strong><a title=\"Plan Estudio - Geograf\u00eda\" href=\"upload\/PlanEstudio-Geografia.pdf\" target=\"_blank\" rel=\"noopener\">Plan de Estudio de la Carrera<\/a><\/strong><\/span><\/p>\n<p><\/p><\/div><\/div><div class=\"lgc-clear\"><\/div>\n<p><span style=\"background-color: #ffffff;\">\u00a0<\/span><\/p>\n<p>&nbsp;<\/p>\n<p>&nbsp;<\/p>\n","protected":false},"excerpt":{"rendered":"<p>El Profesorado se propone entender los mecanismos de organizaci\u00f3n del territorio y actuar sobre el mismo , para pensar en cambios y soluciones en un mundo complejo. Se pregunta por la relaci\u00f3n sociedad-naturaleza, por c\u00f3mo el hombre est\u00e1 cambiando su medio. A un ge\u00f3grafo le puede interesar tanto la rapidez con que se ha ido &#8230; <a title=\"Profesorado de Educaci\u00f3n Secundaria en Geograf\u00eda &#8211; T\u00edtulos Oficiales con Validez Nacional\" class=\"read-more\" href=\"https:\/\/ensalberdi-tuc.infd.edu.ar\/sitio\/prof-de-educacion-sec-en-geografia\/\" aria-label=\"More on Profesorado de Educaci\u00f3n Secundaria en Geograf\u00eda &#8211; T\u00edtulos Oficiales con Validez Nacional\">[+]<\/a><\/p>\n","protected":false},"author":800,"featured_media":1475,"parent":0,"menu_order":0,"comment_status":"closed","ping_status":"closed","template":"","meta":[],"acf":[],"_links":{"self":[{"href":"https:\/\/ensalberdi-tuc.infd.edu.ar\/sitio\/wp-json\/wp\/v2\/pages\/864"}],"collection":[{"href":"https:\/\/ensalberdi-tuc.infd.edu.ar\/sitio\/wp-json\/wp\/v2\/pages"}],"about":[{"href":"https:\/\/ensalberdi-tuc.infd.edu.ar\/sitio\/wp-json\/wp\/v2\/types\/page"}],"author":[{"embeddable":true,"href":"https:\/\/ensalberdi-tuc.infd.edu.ar\/sitio\/wp-json\/wp\/v2\/users\/800"}],"replies":[{"embeddable":true,"href":"https:\/\/ensalberdi-tuc.infd.edu.ar\/sitio\/wp-json\/wp\/v2\/comments?post=864"}],"version-history":[{"count":6,"href":"https:\/\/ensalberdi-tuc.infd.edu.ar\/sitio\/wp-json\/wp\/v2\/pages\/864\/revisions"}],"predecessor-version":[{"id":1642,"href":"https:\/\/ensalberdi-tuc.infd.edu.ar\/sitio\/wp-json\/wp\/v2\/pages\/864\/revisions\/1642"}],"wp:featuredmedia":[{"embeddable":true,"href":"https:\/\/ensalberdi-tuc.infd.edu.ar\/sitio\/wp-json\/wp\/v2\/media\/1475"}],"wp:attachment":[{"href":"https:\/\/ensalberdi-tuc.infd.edu.ar\/sitio\/wp-json\/wp\/v2\/media?parent=864"}],"curies":[{"name":"wp","href":"https:\/\/api.w.org\/{rel}","templated":true}]}}

Profesorado de Educación Secundaria en Geografía &#8211; Títulos Oficiales con Validez Nacional

<p><span style="font-family: verdana, geneva; font-size: 10pt;">El Profesorado se propone entender los mecanismos de organización del territorio y actuar sobre el mismo , para pensar en cambios y soluciones en un mundo complejo. Se pregunta por la relación sociedad-naturaleza, por cómo el hombre está cambiando su medio. A un geógrafo le puede interesar tanto la rapidez con que se ha ido deforestando la selva misionera como la instalación de un shopping center y los cambios que introduce en la vida de un barrio, pues desde la enseñanza en el nivel secundario se analizarán estas variables para actuar en consecuencia.</span></p>
<p><span style="font-family: verdana, geneva; font-size: 10pt; text-align: justify;">El Profesor de Geografía esta capacitado para : </span></p>
<ol>
<li><span style="font-size: 10pt; font-family: verdana, geneva;">Ser docente en la especialidad.</span></li>
<li><span style="font-size: 10pt; font-family: verdana, geneva;">Intérprete en área de estadísticas y censos.</span></li>
<li><span style="font-size: 10pt; font-family: verdana, geneva;">Asesor en límites y fronteras de la Cancillería.</span></li>
<li><span style="font-size: 10pt; font-family: verdana, geneva;">Asesor en proyectos de huertas orgánicas , energías alternativas , reciclado y orientación ambiental.</span></li>
<li><span style="font-size: 10pt; font-family: verdana, geneva;">Lector e intérprete de imágenes satelitales en servicios de geología y actividades espaciales.</span></li>
<li><span style="font-size: 10pt; font-family: verdana, geneva;">Orientador turístico en actividades escolares , empresariales o de ONGS.</span></li>
</ol>
<p>&nbsp;</p>
<hr />
<div  class="lgc-column lgc-grid-parent lgc-grid-50 lgc-tablet-grid-50 lgc-mobile-grid-100 lgc-equal-heights "><div  class="inside-grid-column">
<p><strong><span style="color: #0000ff;">DURACIÓN: 4 AÑOS</span></strong></p>
<p><strong><span style="color: #0000ff;">HORARIO DE CURSADA: 18:30 A 23:30 HS.</span></strong></p>
<p></p></div></div>
<div  class="lgc-column lgc-grid-parent lgc-grid-50 lgc-tablet-grid-50 lgc-mobile-grid-100 lgc-equal-heights "><div  class="inside-grid-column">
<p>Para conocer el <strong>Plan de Estudio de la Carrera</strong> HACER CLICK en el siguiente archivo adjunto:</p>
<p><span style="background-color: #ffffff; font-size: 12pt;"><strong><a title="Plan Estudio - Geografía" href="upload/PlanEstudio-Geografia.pdf" target="_blank" rel="noopener">Plan de Estudio de la Carrera</a></strong></span></p>
<p></p></div></div><div class="lgc-clear"></div>
<p><span style="background-color: #ffffff;"> </span></p>
<p>&nbsp;</p>
<p>&nbsp;</p>

<p>El Profesorado se propone entender los mecanismos de organización del territorio y actuar sobre el mismo , para pensar en cambios y soluciones en un mundo complejo. Se pregunta por la relación sociedad-naturaleza, por cómo el hombre está cambiando su medio. A un geógrafo le puede interesar tanto la rapidez con que se ha ido &#8230; <a title="Profesorado de Educación Secundaria en Geografía &#8211; Títulos Oficiales con Validez Nacional" class="read-more" href="https://ensalberdi-tuc.infd.edu.ar/sitio/prof-de-educacion-sec-en-geografia/" aria-label="More on Profesorado de Educación Secundaria en Geografía &#8211; Títulos Oficiales con Validez Nacional">[+]</a></p>
