{"id":862,"date":"2018-08-31T16:58:06","date_gmt":"2018-08-31T19:58:06","guid":{"rendered":"https:\/\/ensalberdi-tuc.infd.edu.ar\/sitio\/datos-institucionales-2\/"},"modified":"2025-05-04T21:48:45","modified_gmt":"2025-05-05T00:48:45","slug":"datos-institucionales-2","status":"publish","type":"page","link":"https:\/\/ensalberdi-tuc.infd.edu.ar\/sitio\/datos-institucionales-2\/","title":{"rendered":"Datos institucionales"},"content":{"rendered":"<div><\/div>\n<div style=\"text-align: center;\"><span style=\"font-size: 18pt; color: #000000;\"><strong><span style=\"font-family: 'arial black', 'avant garde';\">ESCUELA NORMAL SUPERIOR<\/span><\/strong><\/span><\/div>\n<div style=\"text-align: center;\"><span style=\"font-size: 18pt; color: #000000;\"><strong><span style=\"font-family: 'arial black', 'avant garde';\">\u00a0<\/span><\/strong><\/span><\/div>\n<div style=\"text-align: center;\"><span style=\"font-size: 18pt; color: #000000;\"><strong><span style=\"font-family: 'arial black', 'avant garde';\"> EN LENGUAS VIVAS\u00a0<\/span><\/strong><\/span><\/div>\n<div style=\"text-align: center;\"><span style=\"font-size: 18pt; color: #000000;\"><strong><span style=\"font-family: 'arial black', 'avant garde';\">\u00a0<\/span><\/strong><\/span><\/div>\n<div style=\"text-align: center;\"><span style=\"font-size: 18pt; color: #000000;\"><strong><span style=\"font-family: 'arial black', 'avant garde';\">\u00a0<\/span><\/strong><strong><span style=\"font-family: 'arial black', 'avant garde';\">\u00abJUAN \u00a0BAUTISTA ALBERDI\u00bb<\/span><\/strong><\/span><\/div>\n<div style=\"text-align: center;\"><span style=\"font-size: 14pt; color: #000080;\"><strong>150 A\u00f1os al Servicio de la Educaci\u00f3n en Tucum\u00e1n<\/strong><\/span><\/div>\n<div><\/div>\n<div><span style=\"color: #0000ff; font-size: 12pt;\"><strong>\u00a0<\/strong><\/span><\/div>\n<div style=\"text-align: center;\">\n<p><em><strong>\u00a0<u>Nivel Superior<\/u><\/strong><\/em><\/p>\n<div>\n<p><strong>Direcci\u00f3n<\/strong>:\u00a0Mu\u00f1ecas\u00a0219\u00a0&#8211; Planta Baja<\/p>\n<p><strong>Tel\u00e9fono: <\/strong>0381-4312738<\/p>\n<p><strong>E-mail<\/strong>: terciarionormaljba@gmail.com<\/p>\n<p><strong>URL:<\/strong>\u00a0https:\/\/ensalberdi-tuc.infd.edu.ar\/<\/p>\n<p><strong>San Miguel de Tucum\u00e1n \u2013 Argentina<\/strong><\/p>\n<\/div>\n<\/div>\n","protected":false},"excerpt":{"rendered":"<p>ESCUELA NORMAL SUPERIOR \u00a0 EN LENGUAS VIVAS\u00a0 \u00a0 \u00a0\u00abJUAN \u00a0BAUTISTA ALBERDI\u00bb 150 A\u00f1os al Servicio de la Educaci\u00f3n en Tucum\u00e1n \u00a0 \u00a0Nivel Superior Direcci\u00f3n:\u00a0Mu\u00f1ecas\u00a0219\u00a0&#8211; Planta Baja Tel\u00e9fono: 0381-4312738 E-mail: terciarionormaljba@gmail.com URL:\u00a0https:\/\/ensalberdi-tuc.infd.edu.ar\/ San Miguel de Tucum\u00e1n \u2013 Argentina<\/p>\n","protected":false},"author":800,"featured_media":0,"parent":0,"menu_order":0,"comment_status":"closed","ping_status":"closed","template":"","meta":[],"acf":[],"_links":{"self":[{"href":"https:\/\/ensalberdi-tuc.infd.edu.ar\/sitio\/wp-json\/wp\/v2\/pages\/862"}],"collection":[{"href":"https:\/\/ensalberdi-tuc.infd.edu.ar\/sitio\/wp-json\/wp\/v2\/pages"}],"about":[{"href":"https:\/\/ensalberdi-tuc.infd.edu.ar\/sitio\/wp-json\/wp\/v2\/types\/page"}],"author":[{"embeddable":true,"href":"https:\/\/ensalberdi-tuc.infd.edu.ar\/sitio\/wp-json\/wp\/v2\/users\/800"}],"replies":[{"embeddable":true,"href":"https:\/\/ensalberdi-tuc.infd.edu.ar\/sitio\/wp-json\/wp\/v2\/comments?post=862"}],"version-history":[{"count":12,"href":"https:\/\/ensalberdi-tuc.infd.edu.ar\/sitio\/wp-json\/wp\/v2\/pages\/862\/revisions"}],"predecessor-version":[{"id":3400,"href":"https:\/\/ensalberdi-tuc.infd.edu.ar\/sitio\/wp-json\/wp\/v2\/pages\/862\/revisions\/3400"}],"wp:attachment":[{"href":"https:\/\/ensalberdi-tuc.infd.edu.ar\/sitio\/wp-json\/wp\/v2\/media?parent=862"}],"curies":[{"name":"wp","href":"https:\/\/api.w.org\/{rel}","templated":true}]}}